 and f.
10
Suppose -v = -31 + 9. What is the highest common divisor of 11 and v?
11
Let w = -17 - -22. Calculate the greatest common factor of w and 55.
5
Suppose -5*t + 4*h = -97, h = 4*t - h - 80. Let l be 5750/(-10) + (-1 - 0). Let v = l + 807. Calculate the greatest common divisor of v and t.
21
Let l(a) = a**2 + 7*a + 2. Let m be l(-7). Let t be (0 - -11)/(1/2). Calculate the greatest common factor of t and m.
2
Suppose -5*w + 3*j + 9 = 0, 0 = 3*w + j + 2 + 1. Suppose w = f - 2*b - 26, 4*f + 0*f = 3*b + 79. What is the greatest common divisor of f and 2?
2
Let m(c) be the second derivative of -c**4/12 - 11*c**3/6 - 2*c**2 + 3*c. Let u be m(-7). What is the highest common divisor of 3 and u?
3
Let s(t) = 20*t**2 - 4*t + 1. Let n be s(1). Calculate the highest common divisor of 102 and n.
17
Let y(x) = 3*x**2 + 3*x + 2. Let n be y(-2). Let c(l) = -l**2 - 2*l + 2. Let f be c(-2). Suppose f*p - 32 = -2*p. What is the highest common divisor of p and n?
8
Let y(g) = -g**3 - g**2 - 1. Suppose -a = 2*x + 10, 2*x = -0*a + 3*a - 2. Let b be y(a). Calculate the highest common divisor of 15 and b.
3
Let u = -153 - -237. What is the highest common factor of u and 12?
12
Let r = -11 + 31. Calculate the greatest common factor of 50 and r.
10
Suppose -2*u + 4*u - 10 = 0, -5*r - u + 50 = 0. Let z(k) = 36*k. Let c be z(3). Suppose 0 = -0*x + 4*x - c. What is the highest common divisor of x and r?
9
Suppose 2*c = c + 15. Suppose 0 = -7*d + 3*d - 8. Let v be 2/d*(-30)/3. Calculate the greatest common divisor of v and c.
5
Let l(a) be the third derivative of -a**4/12 + 2*a**3/3 + a**2. Let s be l(-7). Suppose 2*v + 67 - 247 = 0. Calculate the greatest common factor of s and v.
18
Suppose 5*k - 8 = -3. Calculate the greatest common divisor of 1 and k.
1
Suppose 2*h - 2*z - 88 - 98 = 0, -4*z - 196 = -2*h. Calculate the highest common factor of h and 11.
11
Let x(m) = -2*m + 4. Let h be x(2). Suppose 3*a = -5*u - h*u + 312, -2*a - 232 = -4*u. Calculate the greatest common factor of u and 15.
15
Let j = -49 - -69. Let h(c) = c - 10. Suppose -5*i + 28 = -3*i. Let l be h(i). Calculate the highest common factor of l and j.
4
Let c be (-2)/(-6)*-8*(-13 - 5). Calculate the greatest common factor of c and 24.
24
Let l = -3 + 13. Suppose -l = -j + 1. What is the highest common factor of 99 and j?
11
Let o(w) = w**3 + 6*w**2 - 2*w - 12. Let i be o(-6). Suppose 4*p - 1418 + 318 = i. Suppose -l = -4*l + 75. What is the highest common divisor of p and l?
25
Let u = 55 + 30. Calculate the highest common divisor of u and 51.
17
Let a(g) = -5*g - 2. Let d be a(-4). Let j = 33 - d. Suppose 2*n = j - 1. What is the highest common factor of 7 and n?
7
Let g(p) = -13*p + 2. Let h be g(-6). Let b be 1*((-70)/(-2) + -3). What is the highest common divisor of b and h?
16
Let v be 2/(-3)*(-816)/16. What is the highest common divisor of 51 and v?
17
Suppose -5*r + 3*r - 2 = 0. Let f be r + 4/((-8)/(-30)). Let y be (-2 - -2)/(-2) - -2. What is the greatest common divisor of f and y?
2
Let z(r) = -r + 48. Suppose -4*f = -2*f. Let w be z(f). Calculate the greatest common divisor of w and 16.
16
Let i = -11 - -15. Suppose -5*c + 3*c - 26 = -2*k, -i*k + 3*c = -49. Suppose 37 + 63 = 5*a. Calculate the greatest common divisor of a and k.
10
Let g(i) = i**2 + 2*i - 5. Let o be g(-4). Suppose -o*y + 42 = -y. Let z be (9/(-12))/(1*(-3)/336). Calculate the greatest common factor of y and z.
21
Let s(p) be the second derivative of 2*p + p**2 - 1/6*p**3 + 0. Let g be s(-6). Calculate the highest common divisor of 40 and g.
8
Suppose -j + 92 = 5*l - 63, -111 = -3*l + 3*j. Let x = 53 - l. Calculate the highest common factor of 231 and x.
21
Let z(g) = g**3 - 15*g**2 - 16*g + 44. Let v be z(16). What is the greatest common factor of 44 and v?
44
Let b(q) be the third derivative of -q**5/60 - q**4/8 + 11*q**3/6 + 2*q**2. Let z be b(0). Let u be 0 + 9/2*22. What is the greatest common factor of u and z?
11
Let d be (6/(-4))/(3/(-10)). Let m(s) = 2*s**2 - 8*s + 6. Let p be m(d). Let u be (0 + 1)/((-2)/(-8)). Calculate the greatest common factor of u and p.
4
Let u(s) = -s**3 + 2*s**2 + 4*s + 3. Let f be u(-2). Let r = -3 + -3. Let c = r + f. What is the highest common divisor of 20 and c?
5
Let v(s) = -12*s**3 - 15*s**3 + s**3 + 6*s**3. Let l be v(-1). Calculate the greatest common factor of l and 8.
4
Let p be 1 + 1*(1 - -1). Suppose 0 = 3*r - 2*z - 30, 4*z = -p*r + 5 + 7. What is the highest common divisor of r and 1?
1
Let r = 10 - 7. Suppose -r*n + 222 = -3*x, 0*x = n - 4*x - 83. Suppose 2*u - d - 43 = 0, 3*u - 7*u + n = -5*d. Calculate the greatest common divisor of 3 and u.
3
Suppose -5*w = -59 - 16. What is the highest common factor of 15 and w?
15
Let b = 30 + -21. Calculate the greatest common factor of b and 3.
3
Let d = 70 + -62. Calculate the greatest common divisor of d and 1.
1
Let p = 29 - 4. Suppose -5 = -4*g + 15, -z - g = -p. What is the highest common divisor of 20 and z?
20
Let c = -105 - -161. Let t = 4 + 3. What is the highest common divisor of c and t?
7
Suppose -4*l = 3*f - l - 48, -62 = -5*f + l. Let p = 16 - f. Calculate the greatest common factor of 6 and p.
3
Suppose 2*f - 25 - 270 = -3*a, -4*f + 583 = -a. Let c = f - 55. What is the highest common factor of c and 13?
13
Let g(d) = -d**3 + 3*d**2 + 5*d - 2. Let m be g(4). Calculate the greatest common factor of 18 and m.
2
Let v be (0/(-3 - -1))/(-2). Let b be -3*(v + 15/(-9)). Suppose 0 = -5*s + b*a + 250, -a = s - 6*a - 50. Calculate the greatest common divisor of 5 and s.
5
Suppose -4*c + 4*m + 72 = -0*m, 5*c + 4*m = 81. Suppose -2*p = 2*p - 204. What is the greatest common factor of p and c?
17
Let m = -175 - -303. Let z be m/7 - (-6)/(-21). Let s = 21 - 12. What is the highest common divisor of z and s?
9
Suppose 0 = -3*p - 2*s + 74, -4*p + 0*p + 98 = 3*s. Let q = -16 + p. Calculate the greatest common divisor of 15 and q.
5
Let f(d) = d**2 - 13*d - 66. Let o be f(17). Calculate the greatest common factor of 6 and o.
2
Suppose -160 = -5*l + l. Calculate the highest common divisor of 16 and l.
8
Let q(m) = -113*m**3 - 2*m**2 - 2*m - 1. Let u be q(-1). Calculate the greatest common factor of 28 and u.
28
Let k(c) = -4*c**3 + c**2 - c + 2. Let x be k(2). Let o = x + 16. Let a be (4/o)/(2/(-12)). Calculate the greatest common factor of a and 6.
2
Suppose i = -5*u - 3*i + 13, 3*u - 12 = -i. Let j = -18 + 46. Suppose -2*s + 12 = -j. What is the highest common divisor of u and s?
5
Let d be (-4)/2*6/4. Let f be 4/6 - 214/d. What is the highest common divisor of 8 and f?
8
Let g be 4/6 + 64/12. Let l = 9 - g. Let k = -12 - -24. Calculate the greatest common divisor of k and l.
3
Let t be ((-6)/8)/(3/(-144)). What is the highest common factor of 36 and t?
36
Let r(m) = m + 2. Let w be r(-3). Let x be 12/(0 + w/(-1)). What is the greatest common divisor of 18 and x?
6
Let u = 22 + -13. What is the highest common divisor of u and 99?
9
Suppose -2*b = 3*b - 300. What is the greatest common factor of b and 36?
12
Let a be ((4 - 2) + -4)*-2. Let t be 50/a*2 - -2. Let c = -21 + 39. What is the highest common divisor of c and t?
9
Let w = 26 + -22. Let b(m) = 2*m. Let n be b(3). What is the highest common divisor of n and w?
2
Let z(d) = -d**2 - d + 1. Let r be z(-2). Let a be r + (2 - 2 - -37). Suppose 12 = 6*f - 5*f. What is the highest common factor of f and a?
12
Let w be 4/(-3) - (-4)/(-6). Let r be (3 - 1)*(-2)/w. Let n(t) = t**3 - 8*t**2 + 9*t + 8. Let x be n(7). What is the greatest common divisor of x and r?
2
Let k(g) = 48*g - 18. Let f be k(3). Calculate the highest common divisor of 14 and f.
14
Suppose -28 = 13*b - 223. What is the highest common divisor of b and 75?
15
Suppose -5*q = 2*p - 13 - 29, 4*q + 3*p - 35 = 0. Calculate the highest common factor of q and 4.
4
Suppose 2*x = x + 9. Let v = 449 - 318. Suppose 2*b = 2*u - u + 55, -4*u + v = 5*b. What is the highest common divisor of b and x?
9
Let g = -1 + 4. Suppose i + i - 3*k = 23, 3*i - g*k - 27 = 0. Suppose -i*w + 37 = x, x = w - 5 - 8. Calculate the greatest common factor of 40 and w.
10
Let t be 58/2 + (-8 - -6). Calculate the greatest common divisor of 108 and t.
27
Suppose -12 = -2*a - 0. Let p = -6 - 2. Let y = 9 + p. Calculate the highest common divisor 